Select a Year or Month report
2018: Jan Feb Mar Apr May Jun Jul Aug Sep Oct Nov Dec
2017: Jan Feb Mar Apr May Jun Jul Aug Sep Oct Nov Dec
2016: Jan Feb Mar Apr May Jun Jul Aug Sep Oct Nov Dec

Report for 2018 January
                   Monthly Climatological Summary for Jan 2018

Name: Liberty Weather   City: Youngstown   State: Ohio
Elevation: 1090 ft  Lat: N 41 08 38   Lon: W 080 39 11

                  Temperature (°F), Rain (in), Wind Speed (mph)

                                      Heat  Cool        Avg
    Mean                              Deg   Deg         Wind                 Dom
Day Temp  High   Time   Low    Time   Days  Days  Rain  Speed High   Time    Dir
----------------------------------------------------------------------------------
01   7.4  14.0   13:59   1.7   05:09  57.6   0.0  0.00   1.7  18.0   13:08     W
02   9.4  14.4   16:05   7.1   04:34  55.6   0.0  0.00   3.9  17.0   11:36    SW
03  13.7  23.6   15:21   3.1   05:22  51.3   0.0  0.00   3.0  16.0   12:56   SSW
04  12.3  16.8   00:00   6.4   21:49  52.7   0.0  0.00   3.8  23.0   12:15   WNW
05   4.2   9.5   15:05   0.2   07:50  60.8   0.0  0.00   3.1  19.0   15:59   WNW
06   3.0  10.1   13:56  -3.1   23:58  62.0   0.0  0.00   2.1  22.0   12:13   WNW
07  10.5  27.9   23:59  -5.9   03:45  54.5   0.0  0.00   2.3  15.0   11:59     S
08  32.7  35.0   21:24  27.8   00:00  32.3   0.0  0.08   3.7  19.0   12:09   SSW
09  30.7  33.7   16:21  25.3   23:58  34.3   0.0  0.04   0.9  10.0   07:45     W
10  34.1  46.3   22:48  21.7   07:39  30.9   0.0  0.07   1.6   9.0   14:15    SE
11  52.7  62.0   13:29  45.5   00:37  12.3   0.0  0.65   2.8  15.0   09:31   SSE
12  40.7  57.1   10:59  18.4   23:53  24.3   0.0  0.37   3.9  23.0   11:16   NNW
13  14.0  18.4   00:00   6.7   23:58  51.0   0.0  0.00   4.2  22.0   02:51    NW
14   8.2  19.8   14:26  -2.8   07:58  56.8   0.0  0.01   0.6   7.0   13:45   SSE
15  16.7  26.7   23:40   4.7   00:17  48.3   0.0  0.00   1.8  11.0   13:20    SE
----------------------------------------------------------------------------------
    19.4  62.0    11    -5.9     7   684.7   0.0  1.22   2.6  23.0     4     WSW

Max >=  27.0  6
Max <=   0.0  0
Min <=   0.0  3
Min <= -18.0  0
Max Rain: 0.65 on day 11
Days of Rain: 2 (>= 0.20 in)  0 (>= 2.00 in)  0 (>= 20.00 in)
Heat Base: 65.0  Cool Base: 65.0  Method: Integration

The weather station in use is the Davis Vantage Pro 2, and these pages are updated every minute. The meteorological day used at this station ends at midnight.
Never base any important decisions using the data provided by this weather station website